hat is 2102022 + 112110011?
121212110
In base 10, what is -9391 - -31?
-9360
In base 14, what is 1a - 17381c1?
-17381a5
In base 6, what is 45431413 + 0?
45431413
In base 4, what is 0 - 310100220021?
-310100220021
In base 3, what is -1110122 + 212122020?
211011121
In base 10, what is 71605 + -149?
71456
In base 8, what is 2 - 113174467?
-113174465
In base 9, what is -447778208 + -3?
-447778212
In base 6, what is 13403 + 2045?
15452
In base 2, what is -1101101101011010011 - 1011?
-1101101101011011110
In base 13, what is 18355 - 1534?
16b21
In base 10, what is -29 - 2304?
-2333
In base 3, what is 1022 + -200011220121111?
-200011220120012
In base 10, what is -17593 + -27631?
-45224
In base 16, what is -347 + dca49?
dc702
In base 3, what is 11 - -22201200?
22201211
In base 5, what is -1124321442 - 0?
-1124321442
In base 8, what is -5562003516 + 0?
-5562003516
In base 10, what is 39139392 + 5?
39139397
In base 4, what is 1000 - 212101022232?
-212101021232
In base 3, what is 2022 - -12112022?
12121121
In base 7, what is 342231552 + 6?
342231561
In base 12, what is 0 - -49bb15b2?
49bb15b2
In base 15, what is -4 - -32ea39?
32ea35
In base 15, what is -9 - 425e5b?
-425e65
In base 11, what is 7841 - 1062?
678a
In base 8, what is -1 - -76253004?
76253003
In base 16, what is 1886cf + 4d?
18871c
In base 10, what is -552 - -4911?
4359
In base 5, what is -4304310 - 10124?
-4314434
In base 8, what is -4677 - -51224?
44325
In base 3, what is 0 + 21020201021010?
21020201021010
In base 9, what is -1402 + 46180?
44677
In base 16, what is -2 + 8052d4?
8052d2
In base 4, what is 30101032 - 13?
30101013
In base 12, what is 1893584 - 6?
189357a
In base 12, what is -14 + 33b22b?
33b217
In base 6, what is 30544532334 - 1?
30544532333
In base 7, what is -3220 + -141461?
-145011
In base 11, what is 1750 - 836a1?
-81a51
In base 15, what is -33d2e + 44?
-33cda
In base 10, what is -17706 + -17114?
-34820
In base 12, what is 1b + 9a4b87?
9a4ba6
In base 10, what is -701 - -15044?
14343
In base 6, what is 20 - 243102221?
-243102201
In base 12, what is 1230 + 10962?
11b92
In base 7, what is -2 + -150233212?
-150233214
In base 14, what is -3 + 3632185?
3632182
In base 9, what is -8006060 + 11?
-8006048
In base 16, what is -1f4b30 + -f5?
-1f4c25
In base 6, what is -402 + 122345?
121543
In base 5, what is -4104233 + 2130?
-4102103
In base 9, what is 80 + -131363?
-131273
In base 7, what is 116 - 6462440?
-6462321
In base 12, what is -84a308 + -1b3?
-84a4bb
In base 10, what is 1 - -16097370?
16097371
In base 7, what is 4 + -3506630426?
-3506630422
In base 7, what is 254012 + -2045?
251634
In base 8, what is -253241 - -4000?
-247241
In base 11, what is 13206280 - 0?
13206280
In base 5, what is 0 - -23110133214?
23110133214
In base 10, what is 1 - 10335392?
-10335391
In base 3, what is 1210010021022 - -1122?
1210010022221
In base 12, what is 3 - -31492344?
31492347
In base 16, what is 13b431 + 3a2?
13b7d3
In base 11, what is 16 - -185406?
185421
In base 16, what is 5 - -1d97613?
1d97618
In base 4, what is 130 - -100033210?
100100000
In base 6, what is 3 + 54105032?
54105035
In base 6, what is -2 + 250042142?
250042140
In base 10, what is 18880 + -15049?
3831
In base 8, what is 3212146 - -43?
3212211
In base 10, what is 68116 - -84?
68200
In base 10, what is -157158 - 21?
-157179
In base 14, what is -7c - -305d0?
30552
In base 3, what is 11 + -120112200100?
-120112200012
In base 4, what is 203101 + 10132202?
11001303
In base 9, what is 516102261 - 2?
516102258
In base 14, what is 445b6 + 69?
44641
In base 7, what is -5 + -566316303?
-566316311
In base 4, what is 11 - 223231231?
-223231220
In base 13, what is -1 + -5448319?
-544831a
In base 14, what is -747 + 111987?
111240
In base 15, what is -4c71c - 50?
-4c76c
In base 11, what is 3 + 10645a8?
1064600
In base 7, what is 622514551 + 2?
622514553
In base 14, what is 1adc - -ba44?
d742
In base 15, what is -2352 - -18a68?
16716
In base 14, what is -87c3 + 1d?
-87a4
In base 7, what is 11 - 6355201?
-6355160
In base 3, what is 10112021010211 + -1202?
10112021002002
In base 4, what is 11 - 202103213313?
-202103213302
In base 4, what is -3 - 303132330321?
-303132330330
In base 12, what is -230 + -a898?
-ab08
In base 13, what is 9a96 - -65?
9b2b
In base 3, what is -11 - -101102210111100102?
101102210111100021
In base 8, what is 1160235 + 27?
1160264
In base 6, what is -5 + 2004401402?
2004401353
In base 15, what is -b + -1cb3476?
-1cb3482
In base 10, what is 187 + 59888?
60075
In base 8, what is 36541412 + 5?
36541417
In base 11, what is -147a51 + -13?
-147a64
In base 15, what is -4 + 664ee30?
664ee2b
In base 4, what is 1222 + -1020120103?
-1020112221
In base 16, what is ba - -f1bdb?
f1c95
In base 7, what is 2401124061 + -5?
2401124053
In base 6, what is 234043453 - 3?
234043450
In base 13, what is -1003c2a - 2?
-1003c2c
In base 10, what is -598 + -465793?
-466391
In base 11, what is 627055 + 5?
62705a
In base 6, what is 2304 - 114105?
-111401
In base 15, what is -c + d5ea08?
d5e9eb
In base 7, what is 603226 + -5?
603221
In base 11, what is -1103 - -418311?
417209
In base 8, what is -1 - -5005650?
5005647
In base 14, what is -482d + 99b?
-3c72
In base 10, what is -1348416 + -2?
-1348418
In base 13, what is -66930 + 3a?
-668c3
In base 4, what is 32323130110 + 10?
32323130120
In base 8, what is 65 - 352743?
-352656
In base 12, what is 1 - -1ba769ba?
1ba769bb
In base 15, what is 1ace - 67b1?
-4bd2
In base 11, what is -133772 + -24?
-133796
In base 8, what is -32762330 + -4?
-32762334
In base 4, what is 102210213122 - -110?
102210213232
In base 15, what is 0 - 4a060c?
-4a060c
In base 9, what is 57645151 + 11?
57645162
In base 5, what is -423141 + -243?
-423434
In base 8, what is -244 - -30010717?
30010453
In base 16, what is 901ef3 + -45?
901eae
In base 11, what is 452970 - 47?
452924
In base 11, what is -2 - 88540?
-88542
In base 14, what is 3542 - bcc?
2754
In base 6, what is -105132 + -2113105?
-2222241
In base 4, what is -32 + -332303012?
-332303110
In base 3, what is -211002210000 + 0?
-211002210000
In base 2, what is 101 + 111010100010110101111?
111010100010110110100
In base 11, what is -5846a8536 + -3?
-5846a8539
In base 3, what is 1 + 10022101021010202?
10022101021010210
In base 12, what is -34b75b36 - -5?
-34b75b31
In base 16, what is 1 + 47c8e4?
47c8e5
In base 15, what is 78b030 + -7c?
78aea3
In base 6, what is 23034 + 2152?
25230
In base 16, what is b2da - 429?
aeb1
In base 10, what is 121537 - 23?
121514
In base 16, what is -3198 + 489d?
1705
In base 14, what is 123a99 + 1c?
123ab7
In base 4, what is -30212230 - -222213?
-23330011
In base 6, what is 2344312121 - 43?
2344312034
In base 5, what is -234431201001 - 2?
-234431201003
In base 11, what is 122 - -20129?
20250
In base 6, what is -1235200331 - 41?
-1235200412
In base 6, what is 4155 + -31325500?
-31321301
In base 10, what is -3633 - -5496?
1863
In base 5, what is 1343 - 1032?
311
In base 8, what is -5174570 - -14?
-5174554
In base 5, what is 10 + -104143021?
-104143011
In base 3, what is -22120010 + 1202121101?
1110001021
In base 5, what is -113043212 + -20?
-113043232
In base 4, what is -12032 + 1013131013?
1013112321
In base 16, what is 58efb8 + 5?
58efbd
In base 14, what is 166a + c55?
24c1
In base 2, what is 110111100110 + 101110100000?
1100110000110
In base 2, what is -1 - 1011100000000001111?
-1011100000000010000
In base 11, what is -150 + 2122a?
2108a
In base 3, what is -2211 - 10210222121?
-10211002102
In base 4, what is -310231020012023 + -10?
-310231020012033
In base 12, what is -2b10 + -6062?
-8b72
In base 5, what is -10 - -44224404144?
44224404134
In base 9, what is -40 + 612446?
612406
In base 13, what is -2 + -1556487?
-1556489
In base 16, what is 0 + 6303e2e?
6303e2e
In base 5, what is 1133 + 4113144?
4114332
In base 5, what is 42 - 4104210113?
-4104210021
In base 7, what is -31 - 24541?
-24602
In base 10, what is 399585 + -1279?
398306
In base 8, what is 2424 + 60521?
63145
In base 2, what is 111010100 - 10101010100000?
-10100011001100
In base 12, what is -10 - -14b3622b?
14b3621b
In base 10, what is -368967 + -79?
-369046
In base 7, what is 3 + 65406342?
65406345
In base 7, what is -6065 + -442330?
-451425
In base 8, what is 45420 - -13210?
60630
In base 4, wh